[INFO] fetching crate graftpress_core 0.1.1...
[INFO] checking graftpress_core-0.1.1 against try#72f88fc4e9458f89516a0b8b0868f3718aec5b47 for pr-74989
[INFO] extracting crate graftpress_core 0.1.1 into /workspace/builds/worker-8/source
[INFO] validating manifest of crates.io crate graftpress_core 0.1.1 on toolchain 72f88fc4e9458f89516a0b8b0868f3718aec5b47
[INFO] running `Command { std: "/workspace/cargo-home/bin/cargo" "+72f88fc4e9458f89516a0b8b0868f3718aec5b47" "read-manifest" "--manifest-path" "Cargo.toml", kill_on_drop: false }`
[INFO] started tweaking crates.io crate graftpress_core 0.1.1
[INFO] finished tweaking crates.io crate graftpress_core 0.1.1
[INFO] tweaked toml for crates.io crate graftpress_core 0.1.1 written to /workspace/builds/worker-8/source/Cargo.toml
[INFO] running `Command { std: "/workspace/cargo-home/bin/cargo" "+72f88fc4e9458f89516a0b8b0868f3718aec5b47" "generate-lockfile" "--manifest-path" "Cargo.toml" "-Zno-index-update", kill_on_drop: false }`
[INFO] running `Command { std: "/workspace/cargo-home/bin/cargo" "+72f88fc4e9458f89516a0b8b0868f3718aec5b47" "fetch" "--locked" "--manifest-path" "Cargo.toml", kill_on_drop: false }`
[INFO] [stderr]     Blocking waiting for file lock on package cache
[INFO] [stderr]  Downloading crates ...
[INFO] [stderr]   Downloaded graft v0.1.7
[INFO] [stderr]   Downloaded realm v0.1.18
[INFO] [stderr]   Downloaded comrak v0.3.1
[INFO] running `Command { std: "docker" "create" "-v" "/var/lib/crater-agent-workspace/builds/worker-8/target:/opt/rustwide/target:rw,Z" "-v" "/var/lib/crater-agent-workspace/builds/worker-8/source:/opt/rustwide/workdir:ro,Z" "-v" "/var/lib/crater-agent-workspace/cargo-home:/opt/rustwide/cargo-home:ro,Z" "-v" "/var/lib/crater-agent-workspace/rustup-home:/opt/rustwide/rustup-home:ro,Z" "-e" "SOURCE_DIR=/opt/rustwide/workdir" "-e" "CARGO_TARGET_DIR=/opt/rustwide/target" "-e" "CARGO_HOME=/opt/rustwide/cargo-home" "-e" "RUSTUP_HOME=/opt/rustwide/rustup-home" "-w" "/opt/rustwide/workdir" "-m" "1610612736" "--user" "0:0" "--network" "none" "rustops/crates-build-env@sha256:d92eaeed33fa75130ca1ee6c8a01d1ffb62bac859dfdfb3450e3e5d1c0146529" "/opt/rustwide/cargo-home/bin/cargo" "+72f88fc4e9458f89516a0b8b0868f3718aec5b47" "metadata" "--no-deps" "--format-version=1", kill_on_drop: false }`
[INFO] [stdout] b61b49138f74a9021dbd1ff7524c312664d469c4987e101efb276a53090830b5
[INFO] [stderr] WARNING: Your kernel does not support swap limit capabilities or the cgroup is not mounted. Memory limited without swap.
[INFO] running `Command { std: "docker" "start" "-a" "b61b49138f74a9021dbd1ff7524c312664d469c4987e101efb276a53090830b5", kill_on_drop: false }`
[INFO] running `Command { std: "docker" "inspect" "b61b49138f74a9021dbd1ff7524c312664d469c4987e101efb276a53090830b5", kill_on_drop: false }`
[INFO] running `Command { std: "docker" "rm" "-f" "b61b49138f74a9021dbd1ff7524c312664d469c4987e101efb276a53090830b5", kill_on_drop: false }`
[INFO] [stdout] b61b49138f74a9021dbd1ff7524c312664d469c4987e101efb276a53090830b5
[INFO] running `Command { std: "docker" "create" "-v" "/var/lib/crater-agent-workspace/builds/worker-8/target:/opt/rustwide/target:rw,Z" "-v" "/var/lib/crater-agent-workspace/builds/worker-8/source:/opt/rustwide/workdir:ro,Z" "-v" "/var/lib/crater-agent-workspace/cargo-home:/opt/rustwide/cargo-home:ro,Z" "-v" "/var/lib/crater-agent-workspace/rustup-home:/opt/rustwide/rustup-home:ro,Z" "-e" "SOURCE_DIR=/opt/rustwide/workdir" "-e" "CARGO_TARGET_DIR=/opt/rustwide/target" "-e" "CARGO_INCREMENTAL=0" "-e" "RUST_BACKTRACE=full" "-e" "RUSTFLAGS=--cap-lints=forbid" "-e" "CARGO_HOME=/opt/rustwide/cargo-home" "-e" "RUSTUP_HOME=/opt/rustwide/rustup-home" "-w" "/opt/rustwide/workdir" "-m" "1610612736" "--user" "0:0" "--network" "none" "rustops/crates-build-env@sha256:d92eaeed33fa75130ca1ee6c8a01d1ffb62bac859dfdfb3450e3e5d1c0146529" "/opt/rustwide/cargo-home/bin/cargo" "+72f88fc4e9458f89516a0b8b0868f3718aec5b47" "check" "--frozen" "--all" "--all-targets" "--message-format=json", kill_on_drop: false }`
[INFO] [stderr] WARNING: Your kernel does not support swap limit capabilities or the cgroup is not mounted. Memory limited without swap.
[INFO] [stdout] af0ddb22d7511698b8f6bc29d01792576448007a4ed1835f06eb33548e47c736
[INFO] running `Command { std: "docker" "start" "-a" "af0ddb22d7511698b8f6bc29d01792576448007a4ed1835f06eb33548e47c736", kill_on_drop: false }`
[INFO] [stderr]    Compiling libc v0.2.77
[INFO] [stderr]     Checking cfg-if v0.1.10
[INFO] [stderr]    Compiling autocfg v1.0.1
[INFO] [stderr]    Compiling log v0.4.11
[INFO] [stderr]     Checking lazy_static v1.2.0
[INFO] [stderr]    Compiling proc-macro2 v1.0.21
[INFO] [stderr]    Compiling unicode-xid v0.2.1
[INFO] [stderr]     Checking slab v0.4.2
[INFO] [stderr]    Compiling serde v1.0.116
[INFO] [stderr]    Compiling glob v0.3.0
[INFO] [stderr]    Compiling libloading v0.6.3
[INFO] [stderr]    Compiling unicode-width v0.1.8
[INFO] [stderr]    Compiling quick-error v1.2.3
[INFO] [stderr]    Compiling bindgen v0.55.1
[INFO] [stderr]    Compiling strsim v0.8.0
[INFO] [stderr]     Checking adler v0.2.3
[INFO] [stderr]    Compiling ansi_term v0.11.0
[INFO] [stderr]    Compiling termcolor v1.1.0
[INFO] [stderr]    Compiling vec_map v0.8.2
[INFO] [stderr]    Compiling peeking_take_while v0.1.2
[INFO] [stderr]    Compiling typenum v1.12.0
[INFO] [stderr]    Compiling getrandom v0.1.15
[INFO] [stderr]    Compiling rustc-hash v1.1.0
[INFO] [stderr]    Compiling shlex v0.1.1
[INFO] [stderr]    Compiling cc v1.0.59
[INFO] [stderr]     Checking instant v0.1.6
[INFO] [stderr]     Checking smallvec v1.4.2
[INFO] [stderr]    Compiling ryu v1.0.5
[INFO] [stderr]    Compiling pkg-config v0.3.18
[INFO] [stderr]    Compiling winapi v0.3.9
[INFO] [stderr]     Checking stable_deref_trait v1.2.0
[INFO] [stderr]    Compiling serde_json v1.0.57
[INFO] [stderr]    Compiling pq-sys v0.4.6
[INFO] [stderr]     Checking matches v0.1.8
[INFO] [stderr]    Compiling crc32fast v1.2.0
[INFO] [stderr]    Compiling unicode-xid v0.0.4
[INFO] [stderr]     Checking tinyvec v0.3.4
[INFO] [stderr]     Checking bytemuck v1.4.1
[INFO] [stderr]    Compiling quote v0.3.15
[INFO] [stderr]     Checking lazycell v1.3.0
[INFO] [stderr]     Checking smallvec v0.2.1
[INFO] [stderr]     Checking take v0.1.0
[INFO] [stderr]     Checking ppv-lite86 v0.2.9
[INFO] [stderr]     Checking slab v0.3.0
[INFO] [stderr]     Checking opaque-debug v0.2.3
[INFO] [stderr]    Compiling pest v1.0.6
[INFO] [stderr]     Checking try-lock v0.2.3
[INFO] [stderr]     Checking dtoa v0.4.6
[INFO] [stderr]     Checking anymap v0.12.1
[INFO] [stderr]     Checking unicode_categories v0.1.1
[INFO] [stderr]     Checking entities v1.0.1
[INFO] [stderr]     Checking itertools v0.7.11
[INFO] [stderr]    Compiling nom v5.1.2
[INFO] [stderr]     Checking lock_api v0.4.1
[INFO] [stderr]    Compiling humantime v1.3.0
[INFO] [stderr]    Compiling textwrap v0.11.0
[INFO] [stderr]    Compiling thread_local v1.0.1
[INFO] [stderr]     Checking miniz_oxide v0.4.1
[INFO] [stderr]     Checking crossbeam-utils v0.6.6
[INFO] [stderr]     Checking line-wrap v0.1.1
[INFO] [stderr]     Checking textwrap v0.10.0
[INFO] [stderr]     Checking owning_ref v0.3.3
[INFO] [stderr]     Checking unicode-bidi v0.3.4
[INFO] [stderr]    Compiling synom v0.11.3
[INFO] [stderr]    Compiling crossbeam-utils v0.7.2
[INFO] [stderr]    Compiling memoffset v0.5.5
[INFO] [stderr]    Compiling crossbeam-epoch v0.8.2
[INFO] [stderr]    Compiling num-traits v0.2.12
[INFO] [stderr]    Compiling num-integer v0.1.43
[INFO] [stderr]    Compiling indexmap v1.6.0
[INFO] [stderr]     Checking rgb v0.8.25
[INFO] [stderr]     Checking hmac-sha1 v0.1.3
[INFO] [stderr]     Checking unicode-normalization v0.1.13
[INFO] [stderr]    Compiling bitflags v1.2.1
[INFO] [stderr]    Compiling clang-sys v1.0.0
[INFO] [stderr]    Compiling syn v0.11.11
[INFO] [stderr]     Checking crossbeam-channel v0.3.9
[INFO] [stderr]    Compiling hyper v0.12.35
[INFO] [stderr]     Checking base64 v0.10.1
[INFO] [stderr]     Checking twoway v0.1.8
[INFO] [stderr]     Checking log v0.3.9
[INFO] [stderr]     Checking want v0.0.4
[INFO] [stderr]     Checking want v0.2.0
[INFO] [stderr]    Compiling regex v1.3.9
[INFO] [stderr]    Compiling quote v1.0.7
[INFO] [stderr]    Compiling atty v0.2.14
[INFO] [stderr]    Compiling which v3.1.1
[INFO] [stderr]     Checking iovec v0.1.4
[INFO] [stderr]     Checking net2 v0.2.35
[INFO] [stderr]     Checking num_cpus v1.13.0
[INFO] [stderr]     Checking parking_lot_core v0.6.2
[INFO] [stderr]     Checking rand v0.4.6
[INFO] [stderr]     Checking time v0.1.44
[INFO] [stderr]     Checking parking_lot_core v0.8.0
[INFO] [stderr]     Checking backtrace v0.3.50
[INFO] [stderr]     Checking inotify-sys v0.1.3
[INFO] [stderr]     Checking filetime v0.2.12
[INFO] [stderr]     Checking flate2 v1.0.17
[INFO] [stderr]    Compiling clap v2.33.3
[INFO] [stderr]     Checking tokio-executor v0.1.10
[INFO] [stderr]     Checking crossbeam-queue v0.2.3
[INFO] [stderr]     Checking bytes v0.4.12
[INFO] [stderr]    Compiling syn v1.0.40
[INFO] [stderr]     Checking idna v0.1.5
[INFO] [stderr]     Checking mio v0.6.22
[INFO] [stderr]     Checking futures-cpupool v0.1.8
[INFO] [stderr]     Checking rand_core v0.5.1
[INFO] [stderr]     Checking generic-array v0.12.3
[INFO] [stderr]     Checking parking_lot v0.9.0
[INFO] [stderr]     Checking parking_lot v0.11.0
[INFO] [stderr]     Checking inotify v0.7.1
[INFO] [stderr]     Checking tokio-timer v0.2.13
[INFO] [stderr]     Checking tokio-current-thread v0.1.7
[INFO] [stderr]     Checking crossbeam-deque v0.7.3
[INFO] [stderr]     Checking num-traits v0.1.43
[INFO] [stderr]     Checking parking_lot_core v0.2.14
[INFO] [stderr]     Checking rand v0.3.23
[INFO] [stderr]    Compiling env_logger v0.7.1
[INFO] [stderr]     Checking tokio-io v0.1.13
[INFO] [stderr]     Checking http v0.1.21
[INFO] [stderr]     Checking tokio-buf v0.1.1
[INFO] [stderr]     Checking string v0.2.1
[INFO] [stderr]     Checking rand_chacha v0.2.2
[INFO] [stderr]     Checking block-cipher-trait v0.6.2
[INFO] [stderr]     Checking url v1.7.2
[INFO] [stderr]     Checking scheduled-thread-pool v0.2.5
[INFO] [stderr]     Checking cgmath v0.16.1
[INFO] [stderr]     Checking mio-uds v0.6.8
[INFO] [stderr]     Checking mio-extras v2.0.6
[INFO] [stderr]     Checking tokio-threadpool v0.1.18
[INFO] [stderr]     Checking parking_lot v0.4.8
[INFO] [stderr]     Checking blowfish v0.4.0
[INFO] [stderr]     Checking rand v0.7.3
[INFO] [stderr]     Checking r2d2 v0.8.9
[INFO] [stderr]     Checking tokio-reactor v0.1.12
[INFO] [stderr]     Checking tokio-codec v0.1.2
[INFO] [stderr]     Checking chashmap v2.2.2
[INFO] [stderr]     Checking cookie v0.12.0
[INFO] [stderr]    Compiling pest_derive v1.0.8
[INFO] [stderr]     Checking tokio-fs v0.1.7
[INFO] [stderr]    Compiling cexpr v0.4.0
[INFO] [stderr]     Checking notify v5.0.0-pre.1
[INFO] [stderr]     Checking tokio-udp v0.1.6
[INFO] [stderr]     Checking tokio-uds v0.2.7
[INFO] [stderr]     Checking tokio-tcp v0.1.4
[INFO] [stderr]     Checking tokio v0.1.22
[INFO] [stderr]     Checking bcrypt v0.5.0
[INFO] [stderr]     Checking tokio-core v0.1.17
[INFO] [stderr]     Checking tokio-proto v0.1.1
[INFO] [stderr]     Checking chrono v0.4.15
[INFO] [stderr]     Checking bincode v1.3.1
[INFO] [stderr]     Checking plist v0.4.2
[INFO] [stderr]     Checking serde_yaml v0.8.13
[INFO] [stderr]     Checking csv v1.0.7
[INFO] [stderr]     Checking http-body v0.1.0
[INFO] [stderr]     Checking h2 v0.1.26
[INFO] [stderr]     Checking winconsole v0.10.0
[INFO] [stderr]     Checking hyper v0.11.27
[INFO] [stderr]     Checking colored v1.8.0
[INFO] [stderr]     Checking comrak v0.3.1
[INFO] [stderr]    Compiling synstructure v0.12.4
[INFO] [stderr]    Compiling failure_derive v0.1.8
[INFO] [stderr]    Compiling diesel_derives v1.4.1
[INFO] [stderr]    Compiling serde_derive v1.0.116
[INFO] [stderr]     Checking failure v0.1.8
[INFO] [stderr]     Checking signed_cookies v0.1.2
[INFO] [stderr]     Checking graft v0.1.7
[INFO] [stderr]    Compiling onig_sys v69.5.1
[INFO] [stderr]     Checking diesel v1.4.5
[INFO] [stderr]     Checking onig v5.0.0
[INFO] [stderr]     Checking syntect v3.3.0
[INFO] [stderr]     Checking r2d2-diesel v1.0.0
[INFO] [stderr]     Checking realm v0.1.18
[INFO] [stderr]     Checking graftpress_core v0.1.1 (/opt/rustwide/workdir)
[INFO] [stdout] error[E0433]: failed to resolve: could not find `HTML` in `realm`
[INFO] [stdout]   --> src/cms.rs:78:12
[INFO] [stdout]    |
[INFO] [stdout] 78 |     realm::HTML::new().title("index").render_to_response(spec)
[INFO] [stdout]    |            ^^^^ could not find `HTML` in `realm`
[INFO] [stdout] 
[INFO] [stdout] 
[INFO] [stdout] error[E0425]: cannot find function `not_found` in module `realm::utils`
[INFO] [stdout]   --> src/cms.rs:61:37
[INFO] [stdout]    |
[INFO] [stdout] 61 |             return Ok(realm::utils::not_found());
[INFO] [stdout]    |                                     ^^^^^^^^^ not found in `realm::utils`
[INFO] [stdout] 
[INFO] [stdout] 
[INFO] [stdout] warning: unused `#[macro_use]` import
[INFO] [stdout]  --> src/lib.rs:9:1
[INFO] [stdout]   |
[INFO] [stdout] 9 | #[macro_use]
[INFO] [stdout]   | ^^^^^^^^^^^^
[INFO] [stdout]   |
[INFO] [stdout]   = note: `#[warn(unused_imports)]` on by default
[INFO] [stdout] 
[INFO] [stdout] 
[INFO] [stdout] warning: unused import: `std::collections::HashMap`
[INFO] [stdout]  --> src/cms.rs:4:5
[INFO] [stdout]   |
[INFO] [stdout] 4 | use std::collections::HashMap;
[INFO] [stdout]   |     ^^^^^^^^^^^^^^^^^^^^^^^^^
[INFO] [stdout] 
[INFO] [stdout] 
[INFO] [stdout] warning: unused imports: `panic`, `path::PathBuf`
[INFO] [stdout]  --> src/cms.rs:5:42
[INFO] [stdout]   |
[INFO] [stdout] 5 | use std::{env, fs::{File, canonicalize}, panic, path::PathBuf};
[INFO] [stdout]   |                                          ^^^^^  ^^^^^^^^^^^^^
[INFO] [stdout] 
[INFO] [stdout] 
[INFO] [stdout] warning: unused import: `std::io`
[INFO] [stdout]  --> src/cms.rs:6:5
[INFO] [stdout]   |
[INFO] [stdout] 6 | use std::io;
[INFO] [stdout]   |     ^^^^^^^
[INFO] [stdout] 
[INFO] [stdout] 
[INFO] [stdout] warning: unused imports: `Maybe`, `url2path`
[INFO] [stdout]  --> src/reverse.rs:2:20
[INFO] [stdout]   |
[INFO] [stdout] 2 | use realm::utils::{Maybe, url2path};
[INFO] [stdout]   |                    ^^^^^  ^^^^^^^^
[INFO] [stdout] 
[INFO] [stdout] 
[INFO] [stdout] error[E0433]: failed to resolve: could not find `HTML` in `realm`
[INFO] [stdout]   --> src/cms.rs:78:12
[INFO] [stdout]    |
[INFO] [stdout] 78 |     realm::HTML::new().title("index").render_to_response(spec)
[INFO] [stdout]    |            ^^^^ could not find `HTML` in `realm`
[INFO] [stdout] 
[INFO] [stdout] 
[INFO] [stdout] error[E0425]: cannot find function `not_found` in module `realm::utils`
[INFO] [stdout]   --> src/cms.rs:61:37
[INFO] [stdout]    |
[INFO] [stdout] 61 |             return Ok(realm::utils::not_found());
[INFO] [stdout]    |                                     ^^^^^^^^^ not found in `realm::utils`
[INFO] [stdout] 
[INFO] [stdout] 
[INFO] [stdout] warning: unused `#[macro_use]` import
[INFO] [stdout]  --> src/lib.rs:9:1
[INFO] [stdout]   |
[INFO] [stdout] 9 | #[macro_use]
[INFO] [stdout]   | ^^^^^^^^^^^^
[INFO] [stdout]   |
[INFO] [stdout]   = note: `#[warn(unused_imports)]` on by default
[INFO] [stdout] 
[INFO] [stdout] 
[INFO] [stdout] warning: unused import: `std::collections::HashMap`
[INFO] [stdout]  --> src/cms.rs:4:5
[INFO] [stdout]   |
[INFO] [stdout] 4 | use std::collections::HashMap;
[INFO] [stdout]   |     ^^^^^^^^^^^^^^^^^^^^^^^^^
[INFO] [stdout] 
[INFO] [stdout] 
[INFO] [stdout] warning: unused imports: `panic`, `path::PathBuf`
[INFO] [stdout]  --> src/cms.rs:5:42
[INFO] [stdout]   |
[INFO] [stdout] 5 | use std::{env, fs::{File, canonicalize}, panic, path::PathBuf};
[INFO] [stdout]   |                                          ^^^^^  ^^^^^^^^^^^^^
[INFO] [stdout] 
[INFO] [stdout] 
[INFO] [stdout] warning: unused import: `std::io`
[INFO] [stdout]  --> src/cms.rs:6:5
[INFO] [stdout]   |
[INFO] [stdout] 6 | use std::io;
[INFO] [stdout]   |     ^^^^^^^
[INFO] [stdout] 
[INFO] [stdout] 
[INFO] [stdout] warning: unused imports: `Maybe`, `url2path`
[INFO] [stdout]  --> src/reverse.rs:2:20
[INFO] [stdout]   |
[INFO] [stdout] 2 | use realm::utils::{Maybe, url2path};
[INFO] [stdout]   |                    ^^^^^  ^^^^^^^^
[INFO] [stdout] 
[INFO] [stdout] 
[INFO] [stdout] warning: variable does not need to be mutable
[INFO] [stdout]   --> src/cms.rs:11:10
[INFO] [stdout]    |
[INFO] [stdout] 11 |      let mut proj_dir = env::current_dir().expect("could not find current dir");
[INFO] [stdout]    |          ----^^^^^^^^
[INFO] [stdout]    |          |
[INFO] [stdout]    |          help: remove this `mut`
[INFO] [stdout]    |
[INFO] [stdout]    = note: `#[warn(unused_mut)]` on by default
[INFO] [stdout] 
[INFO] [stdout] 
[INFO] [stdout] warning: variable does not need to be mutable
[INFO] [stdout]   --> src/cms.rs:16:10
[INFO] [stdout]    |
[INFO] [stdout] 16 |      let mut proj_dir = env::current_dir().expect("could not find current dir");
[INFO] [stdout]    |          ----^^^^^^^^
[INFO] [stdout]    |          |
[INFO] [stdout]    |          help: remove this `mut`
[INFO] [stdout] 
[INFO] [stdout] 
[INFO] [stdout] warning: variable does not need to be mutable
[INFO] [stdout]   --> src/cms.rs:11:10
[INFO] [stdout]    |
[INFO] [stdout] 11 |      let mut proj_dir = env::current_dir().expect("could not find current dir");
[INFO] [stdout]    |          ----^^^^^^^^
[INFO] [stdout]    |          |
[INFO] [stdout]    |          help: remove this `mut`
[INFO] [stdout]    |
[INFO] [stdout]    = note: `#[warn(unused_mut)]` on by default
[INFO] [stdout] 
[INFO] [stdout] 
[INFO] [stdout] warning: variable does not need to be mutable
[INFO] [stdout]   --> src/cms.rs:16:10
[INFO] [stdout]    |
[INFO] [stdout] 16 |      let mut proj_dir = env::current_dir().expect("could not find current dir");
[INFO] [stdout]    |          ----^^^^^^^^
[INFO] [stdout]    |          |
[INFO] [stdout]    |          help: remove this `mut`
[INFO] [stdout] 
[INFO] [stdout] 
[INFO] [stdout] error[E0308]: mismatched types
[INFO] [stdout]  --> src/forward.rs:3:59
[INFO] [stdout]   |
[INFO] [stdout] 3 |     let input = realm::request_config::RequestConfig::new(req)?;
[INFO] [stdout]   |                                                           ^^^
[INFO] [stdout]   |                                                           |
[INFO] [stdout]   |                                                           expected reference, found struct `http::request::Request`
[INFO] [stdout]   |                                                           help: consider borrowing here: `&req`
[INFO] [stdout]   |
[INFO] [stdout]   = note: expected reference `&http::request::Request<Vec<u8>>`
[INFO] [stdout]                 found struct `http::request::Request<Vec<u8>>`
[INFO] [stdout] 
[INFO] [stdout] 
[INFO] [stdout] error[E0308]: mismatched types
[INFO] [stdout]  --> src/forward.rs:3:59
[INFO] [stdout]   |
[INFO] [stdout] 3 |     let input = realm::request_config::RequestConfig::new(req)?;
[INFO] [stdout]   |                                                           ^^^
[INFO] [stdout]   |                                                           |
[INFO] [stdout]   |                                                           expected reference, found struct `http::request::Request`
[INFO] [stdout]   |                                                           help: consider borrowing here: `&req`
[INFO] [stdout]   |
[INFO] [stdout]   = note: expected reference `&http::request::Request<Vec<u8>>`
[INFO] [stdout]                 found struct `http::request::Request<Vec<u8>>`
[INFO] [stdout] 
[INFO] [stdout] 
[INFO] [stdout] error[E0609]: no field `req` on type `RequestConfig`
[INFO] [stdout]  --> src/forward.rs:5:43
[INFO] [stdout]   |
[INFO] [stdout] 5 |         url_ => crate::cms::layout(&input.req, crate::cms::get_context("cms"), url_),
[INFO] [stdout]   |                                           ^^^ unknown field
[INFO] [stdout]   |
[INFO] [stdout]   = note: available fields are: `query`, `data`, `rest`, `path`
[INFO] [stdout] 
[INFO] [stdout] 
[INFO] [stdout] error[E0609]: no field `req` on type `RequestConfig`
[INFO] [stdout]  --> src/forward.rs:5:43
[INFO] [stdout]   |
[INFO] [stdout] 5 |         url_ => crate::cms::layout(&input.req, crate::cms::get_context("cms"), url_),
[INFO] [stdout]   |                                           ^^^ unknown field
[INFO] [stdout]   |
[INFO] [stdout]   = note: available fields are: `query`, `data`, `rest`, `path`
[INFO] [stdout] 
[INFO] [stdout] 
[INFO] [stdout] error[E0277]: the size for values of type `str` cannot be known at compilation time
[INFO] [stdout]    --> src/cms.rs:66:5
[INFO] [stdout]     |
[INFO] [stdout] 66  |     println!("content {:?}", content);
[INFO] [stdout]     |     ^^^^^^^^^^^^^^^^^^^^^^^^^^^^^^^^^^ doesn't have a size known at compile-time
[INFO] [stdout]     |
[INFO] [stdout]     = help: the trait `Sized` is not implemented for `str`
[INFO] [stdout]     = note: this error originates in a macro (in Nightly builds, run with -Z macro-backtrace for more info)
[INFO] [stdout] 
[INFO] [stdout] 
[INFO] [stdout] error: aborting due to 5 previous errors; 7 warnings emitted
[INFO] [stdout] 
[INFO] [stdout] 
[INFO] [stdout] error[E0277]: the size for values of type `str` cannot be known at compilation time
[INFO] [stdout]    --> src/cms.rs:66:5
[INFO] [stdout]     |
[INFO] [stdout] 66  |     println!("content {:?}", content);
[INFO] [stdout]     |     ^^^^^^^^^^^^^^^^^^^^^^^^^^^^^^^^^^ doesn't have a size known at compile-time
[INFO] [stdout]     |
[INFO] [stdout]     = help: the trait `Sized` is not implemented for `str`
[INFO] [stdout]     = note: this error originates in a macro (in Nightly builds, run with -Z macro-backtrace for more info)
[INFO] [stdout] 
[INFO] [stdout] 
[INFO] [stdout] Some errors have detailed explanations: E0277, E0308, E0425, E0433, E0609.
[INFO] [stdout] 
[INFO] [stdout] For more information about an error, try `rustc --explain E0277`.
[INFO] [stdout] 
[INFO] [stdout] error: aborting due to 5 previous errors; 7 warnings emitted
[INFO] [stdout] 
[INFO] [stdout] 
[INFO] [stdout] Some errors have detailed explanations: E0277, E0308, E0425, E0433, E0609.
[INFO] [stdout] 
[INFO] [stdout] For more information about an error, try `rustc --explain E0277`.
[INFO] [stdout] 
[INFO] [stderr] error: could not compile `graftpress_core`.
[INFO] [stderr] 
[INFO] [stderr] To learn more, run the command again with --verbose.
[INFO] [stderr] warning: build failed, waiting for other jobs to finish...
[INFO] [stderr] error: build failed
[INFO] running `Command { std: "docker" "inspect" "af0ddb22d7511698b8f6bc29d01792576448007a4ed1835f06eb33548e47c736", kill_on_drop: false }`
[INFO] running `Command { std: "docker" "rm" "-f" "af0ddb22d7511698b8f6bc29d01792576448007a4ed1835f06eb33548e47c736", kill_on_drop: false }`
[INFO] [stdout] af0ddb22d7511698b8f6bc29d01792576448007a4ed1835f06eb33548e47c736
